t p(t) = 17*k(t) + 6*o(t). What is p(-6)?
1
Suppose -j = -3*u - 8, 2*j + 14 + 25 = -5*u. Let v = -5 - j. Let i(x) = -4*x + 3. What is i(v)?
-5
Let b(j) = j**2 + 3*j - 2. Suppose -8 = 3*y + 10. What is b(y)?
16
Suppose -3*d = -t - 10, 0 = 2*d + 3*t + t - 16. Suppose -4*c + 24 = -d. Let f = 4 - c. Let y(j) = -j**3 - 3*j**2 - 4*j - 4. Determine y(f).
8
Let c(b) = -b**3 + 4*b**2 - 3*b. Let f be c(2). Let n(o) = -o**f + 0 + 7*o - 4 - 2*o. Let u(l) = 2*l**2 + 14*l + 5. Let j be u(-7). Calculate n(j).
-4
Let r(l) = 5*l + 3. Let h(t) = 21*t + 13. Let v(j) = -2*h(j) + 9*r(j). What is v(4)?
13
Let v(x) = 12*x - 1. Let f(r) = -31*r + 8. Let t(q) = -30*q + 7. Let d(u) = -5*f(u) + 6*t(u). Let j(w) = 6*d(w) + 13*v(w). Let l = 1 + -2. What is j(l)?
-7
Let f(t) = 3 - 2*t + 3*t - 7. Let u = -3 - -7. Suppose u*q = -l + 4, q = 2*l - 3 - 5. Determine f(l).
0
Let d(a) be the second derivative of -a**3/2 - 3*a**2/2 + 2*a. Let u(k) = 3*k - 1. Let p be u(-1). Calculate d(p).
9
Let b(h) = 4*h - 2. Let t(c) = c - 2. Let s be t(5). Let v(f) = f + 11. Let p be v(-10). Suppose -p = -u - s. Determine b(u).
-10
Let z(f) = f + 1. Let n(p) = 2*p - 5. Let h(c) = n(c) + 4*z(c). Suppose 3*o = 6*t - 4*t + 16, 5*o + 15 = -5*t. What is h(o)?
11
Let g(p) be the second derivative of -1/12*p**4 + 1/2*p**2 + 0 + 1/2*p**3 - 3*p. Calculate g(-2).
-9
Let o(z) be the second derivative of -1/6*z**3 - 3/2*z**2 - 1/20*z**5 + 5/12*z**4 - 3*z + 0. Calculate o(3).
12
Let o(f) = 7*f - 2. Let l be -5 - (-2 + (-2 - -2)). Let g(c) be the second derivative of 7*c**3/6 - 3*c**2/2 - 9*c. Let w(z) = l*o(z) + 2*g(z). Determine w(-1).
7
Let y(q) be the first derivative of -q**3/3 + q**2/2 - 3*q + 1. Let g = -471 + 471. What is y(g)?
-3
Let c(f) = -f**3 - 5*f**2 + 6. Let p = -32 + 27. Give c(p).
6
Let h(f) = f**2 + 4*f + 3. Let l = 118 + -120. Give h(l).
-1
Let n(k) = k**3 + 2*k**2 - k + 1. Let h(x) = -2*x + 3. Let q be h(3). What is n(q)?
-5
Suppose 3*i + 7 = 2*i - 4*s, 0 = -s - 3. Suppose -3*z + i*j = 4 - 26, 0 = -5*z - 4*j - 25. Let h(x) = -2 + x - 2 + 10*x + 5. Calculate h(z).
-10
Let q = 0 + 6. Suppose 3*v - 2*t + 4 = -6, -t = -2*v - q. Let z(b) = -3*b + 0*b**3 + 5*b + 3 + b**3 + 0. Determine z(v).
-9
Let g be 0*((2 - -1) + -4). Let i(u) = u - 4 + g + 2 + 2*u. What is i(4)?
10
Let h be (3/(-2))/((-3)/(-6)). Let g = 5 + h. Let q(w) be the second derivative of 2*w**3/3 - w. Determine q(g).
8
Let h(k) = -k**3 - 5*k**2 - 7*k - 5. Let f(l) = -2*l**2 + 3*l + 2. Let t be f(5). Let r = t - -46. Suppose -2*c + 5 = r. Give h(c).
7
Let o(z) = z**3 + 7*z**2 - 2*z - 10. Suppose -5*y + a = 79, 2*a = 4*a - 8. Let j = y - -8. Calculate o(j).
4
Suppose 0 = 5*t - u - 11, 3 = -4*t - 3*u + 27. Suppose -t*j = 2 - 11. Let k(n) = -4 + 5*n - j*n + 0. What is k(3)?
2
Let x be 7 + (-3)/((-9)/(-12)). Suppose -4*q + 4 = -12. Let g(s) = 3 - 4 + q + s. What is g(x)?
6
Suppose -h + 1 = -2. Suppose d - h*y = 17, 0 = -d + y - 0*y + 11. Suppose -4*q - 4 = -d*q. Let s(g) = -7*g**3 - g**2 + 2*g - 1. Calculate s(q).
-7
Suppose -2*f - f = -30. Suppose 2 + 1 = 4*h + s, -2*s = f. Let y(w) = -3 - h + 5 + w. Give y(5).
5
Let g(f) = -f**3 - f + 4*f**3 + 4*f - 4*f**3 + 1 - 4*f**2. What is g(-4)?
-11
Let z(i) = -6 - 2*i + 2*i - 2*i. Suppose -n + 0*n = 2. Let y be (-1 - n)*(-4)/1. What is z(y)?
2
Let f(n) be the first derivative of -5*n**2 - n + 7. Calculate f(1).
-11
Let r be 3/(-9) - (-4)/(-6). Let o be 2*r + (1 - -5). Let f(a) = -3 + o*a - 6*a + a + 2*a. Calculate f(-3).
-6
Let p(x) = x - 5. Let j(a) = 2*a - 3. Let r(i) = -i + 1. Let o(l) = j(l) + r(l). Let y = 8 - 13. Let v(q) = y*o(q) + 3*p(q). Determine v(-4).
3
Let n(r) = r**3 + 4*r**2 + r - 4. Let h be n(-3). Let p(s) = 11*s - 4. Let o(k) = 6*k - 2. Let f(c) = -5*o(c) + 3*p(c). Give f(h).
4
Let d(l) = 4*l**3 - l + 1. Let v be d(1). Let g(f) = -4*f + 3*f + 0*f + v + 0. Determine g(5).
-1
Let n = 22 - 16. Let k(o) = -o**3 + 6*o**2 + o - 5. Determine k(n).
1
Suppose -5*u + 0*u + 5 = 0. Let r(l) = 6*l - 1. What is r(u)?
5
Let a(m) = m. Let d(q) = -q**2 + 6*q + 2. Let v be d(6). Calculate a(v).
2
Let t(a) = 2*a**3 + a**2 - a. Let u = 101 + -99. Calculate t(u).
18
Suppose -3*m = -5*u - 10, -3*m - 2*u + 16 = -1. Suppose 0 = q + 3*h + 15, 10 = 2*q - m*q - 2*h. Let f = -1 + q. Let r(n) = 2*n**2 + 2*n + 1. Determine r(f).
1
Let s(h) = -h + 4. Let i be s(3). Let l(w) = i - 6*w - w**2 + 0 - 2. Give l(-5).
4
Suppose -2*v + 0 + 10 = 0. Let b be (0 + 1)*(v + -2). Let r(m) = -2 + b - 2*m + m. What is r(0)?
1
Let x be 3*(-75)/(-36) + 2/(-8). Let h(n) = -n**2 + 5*n - 1. Give h(x).
-7
Let v be (2 - 5) + 4 - 5. Let h(n) = -n**2 - 3*n - 5. What is h(v)?
-9
Let u(z) = 2*z + 1. Let y(g) = -g - 1. Let a(t) = -3*u(t) - 5*y(t). Let c be ((-78)/12 + 6)*12. Calculate a(c).
8
Let v be (-2)/6 - 8/3. Let a(f) = 2*f**2 + 7*f - 4. Let y(l) = l - 1. Let d(o) = -a(o) + 3*y(o). Determine d(v).
-5
Suppose -54 = 5*h + 6. Let g = -13 - h. Let v(z) = -6*z**2 + 2*z + 1. Calculate v(g).
-7
Let k(c) = c**3 - 5*c**2 - 7*c + 8. Let a be k(6). Let b = -1 - -4. Let w(m) = -a*m + 0*m**3 + m**2 + m - 6 - m**b. Give w(0).
-6
Suppose i + 16 = -4*t, -3*t - 2*i + 2 = 9. Let d(f) = -f**2 - 7*f - 4. What is d(t)?
6
Let l(j) = -2*j + 10. Let g be (6/8)/((-1)/8). Let f(u) = 1. Let d(v) = 2*v - 13. Let m(x) = -d(x) - 4*f(x). Let q(p) = g*m(p) + 5*l(p). Determine q(4).
4
Let p(q) = -3*q**3 + 7*q**2 + q + 10. Let d(s) = 4*s**3 - 7*s**2 - 2*s - 10. Let j(u) = -2*d(u) - 3*p(u). Determine j(7).
-3
Let n(v) = 3*v**3 - 4*v**2 - 5*v - 6. Let l(o) = -4*o**3 + 5*o**2 + 6*o + 7. Let z(m) = 6*l(m) + 7*n(m). Let u be 12/(-2)*6/4. Let w = u + 8. What is z(w)?
4
Let j(z) = -6*z**2 - 36*z + 20. Let f(s) = -s**2 - 7*s + 4. Let h(m) = -11*f(m) + 2*j(m). Give h(3).
2
Let d(b) = -b**3 - 3*b**2 - b + 1. Let x be d(-3). Suppose -3*m = -x*m + 3. Let h(v) = -2*v + v - 1 + 0*v. Determine h(m).
-4
Let w(j) = -4*j**2 + 4*j + 7. Let c(y) = 9*y**2 - 8*y - 15. Let i(m) = 3*c(m) + 7*w(m). Give i(4).
4
Let z be 12/8 - (-2)/(-4). Let u be (-3 - z)/(-4) + 1. Let t(j) = j**3 - 2*j**2 + 2*j - 3. What is t(u)?
1
Let d(h) = -2*h - 6. Suppose -5*w - 5*b = -6*b - 37, -3*w + 21 = -b. Let z be (-4)/(-16) - 2/w. Suppose z = q - 0*q + 4. Give d(q).
2
Let z(c) be the first derivative of -c**2/2 + 10. Let v = 5 + -9. Determine z(v).
4
Let r(o) = o**3 - o**2 - 2*o + 3. Let x(j) = j**3 - 6*j**2 + j - 1. Let z be x(6). Suppose 1 + z = 3*t. Calculate r(t).
3
Let j(k) = k**2 - 3*k + 3. Let c(h) = 2*h**2 - 2*h + 4. Let q(a) = 2*c(a) - 3*j(a). Give q(-6).
5
Let i(a) = a**3 + 5*a**2 - 1. Let o(k) = -k**3 + 9*k**2 - 2*k + 13. Suppose 0 = -4*b + b + 27. Let c be o(b). What is i(c)?
-1
Let y(i) be the second derivative of i**4/12 + i**3 + 3*i**2/2 - i. Let f(b) = b**3 - 2*b**2 + b + 4. Let z be f(3). Suppose t + z = -3*t. Calculate y(t).
-5
Suppose -g + 4 = g. Suppose 0*o + o - g = 0. Let f(r) be the third derivative of r**4/24 + 2*r**2. Calculate f(o).
2
Let l(b) = b**3 + 7*b**2 - 2. Let o(h) = 2*h**3 + 13*h**2 - 3. Let u(c) = 5*l(c) - 3*o(c). Determine u(-3).
-10
Let t = 3 - 0. Let l(m) = -3*m + 7*m**2 + 2*m - 3 + m**t + 0*m**3. What is l(-7)?
4
Let x(s) = -3*s - 99*s**3 + 2*s + 105*s**3. Give x(1).
5
Suppose o = 4*g - 15, 4*o - 25 = -o. Let h(k) = -k**3 + 4*k**2 + 6*k + 5. Give h(g).
10
Let a(r) = r**3 + 6*r**2 + 2*r + 1. Let y be a(-5). Let c = 19 - y. Let m(f) = -f**2 + 3*f - 1. Give m(c).
-1
Let r(x) = -11*x + 14*x**3 - 8*x**3 + 10*x**2 - 7*x**3 - 1. Give r(9).
-19
Let h(s) be the second derivative of -s**5/20 - s**4/4 + s**3/6 + 12*s. Give h(-3).
-3
Let o be (-2 - 0)*(-6)/4. Let t(m) = -m**3 - 2*m**2 + 3. Let h be t(o). Let q be 29/(-6) - (-7)/h. Let r(g) = g**3 + 5*g**2 + g + 3. Calculate r(q).
-2
Suppose 0*t - 8 = -2*t. Let x(m) = -m + 3. Determine x(t).
-1
Let p(f) = -f**2 - 2. Let h be (2/(-6))/((-10)/60) - 2. Determine p(h).
-2
Let c(q) be the third derivative of q**4/24 + 2*q**3/3 - 9*q**2. Suppose -7 - 5 = 4*f. Let x be (-10)/(-3)*f/(-2). Determine c(x).
9
Let x(g) = 4*g**2 - 33*g + 15. Let m(u) = 2*u**2 + 4 - 2*u - u**2 - 4*u - 2*u. Let q(j) = -9*m(j) + 2*x(j). What is q(5)?
-1
Let x be 1/(-2) + (-150)/(-12). Suppose 0 = -2*g + 6*g - x. Let f(z) = -2*z**2 + 3*z - 2. Calculate f(g).
-11
Let g = -69/2 - -35. Let q(k) be the first derivative of 0*k - 3 + 1/3*k**3 + g*k**2. What is q(0